hat is the greatest common factor of 86 and 2?
2
Calculate the highest common factor of 420 and 72.
12
Calculate the greatest common divisor of 5191 and 58.
29
What is the greatest common divisor of 53 and 424?
53
What is the highest common factor of 18 and 94?
2
What is the highest common divisor of 391 and 69?
23
What is the highest common factor of 5 and 115?
5
What is the greatest common divisor of 247 and 403?
13
What is the greatest common divisor of 35 and 35?
35
Calculate the highest common divisor of 1 and 139.
1
Calculate the highest common factor of 4098 and 12.
6
What is the greatest common factor of 110 and 55?
55
What is the highest common divisor of 16 and 204?
4
What is the greatest common factor of 1342 and 1098?
122
Calculate the greatest common divisor of 434 and 310.
62
Calculate the greatest common factor of 364 and 507.
13
What is the highest common factor of 333 and 37?
37
What is the greatest common divisor of 84 and 462?
42
Calculate the highest common divisor of 22 and 6.
2
What is the highest common divisor of 2415 and 621?
69
What is the greatest common divisor of 9 and 72?
9
What is the highest common divisor of 867 and 33?
3
Calculate the greatest common factor of 8 and 1076.
4
Calculate the highest common divisor of 1472 and 64.
64
Calculate the greatest common divisor of 54 and 729.
27
Calculate the highest common divisor of 12 and 3028.
4
Calculate the greatest common divisor of 768 and 648.
24
What is the highest common factor of 1331 and 44?
11
Calculate the greatest common factor of 83 and 10043.
83
Calculate the greatest common divisor of 56 and 7.
7
What is the greatest common divisor of 127 and 889?
127
What is the greatest common factor of 6 and 618?
6
Calculate the greatest common divisor of 60 and 135.
15
What is the highest common factor of 472 and 3658?
118
Calculate the highest common divisor of 407 and 74.
37
What is the greatest common divisor of 344 and 64?
8
Calculate the highest common divisor of 221 and 65.
13
What is the highest common factor of 33 and 352?
11
What is the highest common factor of 52 and 16?
4
Calculate the highest common factor of 6448 and 416.
208
Calculate the highest common factor of 1581 and 102.
51
What is the greatest common divisor of 15 and 13960?
5
What is the highest common factor of 5 and 2825?
5
Calculate the greatest common factor of 36 and 272.
4
What is the greatest common divisor of 254 and 10?
2
What is the highest common factor of 29987 and 157?
157
Calculate the highest common divisor of 28 and 1673.
7
What is the greatest common divisor of 168 and 756?
84
Calculate the highest common divisor of 4018 and 533.
41
What is the highest common divisor of 230 and 190?
10
What is the highest common divisor of 24 and 24?
24
Calculate the greatest common factor of 2240 and 192.
64
Calculate the highest common divisor of 30 and 750.
30
Calculate the highest common divisor of 234 and 36.
18
What is the highest common factor of 4920 and 180?
60
Calculate the highest common factor of 31 and 7347.
31
What is the greatest common divisor of 880 and 4180?
220
Calculate the greatest common divisor of 4689 and 36.
9
Calculate the highest common divisor of 835 and 1.
1
Calculate the highest common divisor of 1836 and 884.
68
What is the highest common factor of 8483 and 85?
17
Calculate the highest common factor of 3408 and 71.
71
Calculate the greatest common divisor of 24 and 10236.
12
Calculate the greatest common factor of 7 and 8274.
7
Calculate the highest common factor of 2204 and 29.
29
Calculate the greatest common factor of 1050 and 2550.
150
Calculate the highest common divisor of 252 and 228.
12
Calculate the greatest common factor of 42 and 16058.
14
What is the highest common factor of 54 and 9396?
54
What is the highest common factor of 13 and 13793?
13
What is the highest common factor of 848 and 742?
106
What is the highest common factor of 60 and 20472?
12
What is the highest common factor of 40 and 200?
40
What is the greatest common factor of 302 and 196?
2
Calculate the greatest common divisor of 8 and 4.
4
What is the highest common divisor of 5 and 60?
5
Calculate the greatest common divisor of 3924 and 24.
12
Calculate the highest common factor of 36 and 192.
12
What is the highest common divisor of 50 and 4?
2
Calculate the greatest common divisor of 495 and 180.
45
What is the greatest common factor of 26 and 21346?
26
What is the highest common divisor of 56 and 512?
8
Calculate the highest common divisor of 49 and 14.
7
Calculate the highest common divisor of 121 and 22.
11
Calculate the greatest common divisor of 79 and 6399.
79
Calculate the greatest common factor of 3971 and 5776.
361
What is the highest common divisor of 500 and 4?
4
Calculate the highest common divisor of 1239 and 168.
21
What is the highest common factor of 3300 and 450?
150
Calculate the highest common divisor of 12 and 564.
12
What is the greatest common divisor of 437 and 46?
23
What is the highest common factor of 12 and 1644?
12
What is the greatest common divisor of 12 and 28?
4
What is the greatest common divisor of 23842 and 364?
182
Calculate the highest common divisor of 966 and 70.
14
What is the greatest common factor of 54 and 27?
27
Calculate the greatest common divisor of 583 and 297.
11
Calculate the greatest common factor of 880 and 200.
40
Calculate the greatest common factor of 16064 and 128.
64
Calculate the highest common divisor of 141 and 18.
3
What is the highest common divisor of 184 and 392?
8
What is the highest common factor of 4 and 6728?
4
What is the greatest common factor of 36 and 810?
18
Calculate the highest common divisor of 333 and 9.
9
Calculate the greatest common divisor of 1400 and 4300.
100
Calculate the highest common divisor of 913 and 110.
11
What is the greatest common divisor of 826 and 472?
118
What is the highest common divisor of 56 and 7168?
56
What is the highest common factor of 2 and 190?
2
Calculate the greatest common factor of 43 and 86.
43
Calculate the highest common factor of 1 and 861.
1
Calculate the highest common divisor of 39 and 208.
13
What is the greatest common factor of 19 and 2565?
19
Calculate the highest common divisor of 945 and 420.
105
Calculate the highest common divisor of 348 and 1131.
87
Calculate the greatest common factor of 3 and 48.
3
Calculate the greatest common factor of 9880 and 60.
20
Calculate the greatest common factor of 792 and 352.
88
What is the highest common divisor of 721 and 1236?
103
Calculate the greatest common factor of 256 and 384.
128
Calculate the highest common factor of 26 and 2.
2
Calculate the highest common divisor of 385 and 5885.
55
Calculate the greatest common divisor of 10480 and 400.
80
What is the highest common divisor of 14 and 4256?
14
What is the highest common divisor of 544 and 32?
32
Calculate the highest common divisor of 60 and 200.
20
Calculate the highest common divisor of 186 and 682.
62
What is the highest common divisor of 207 and 3680?
23
Calculate the highest common divisor of 34 and 20723.
17
What is the greatest common factor of 12 and 48?
12
Calculate the highest common divisor of 20 and 5990.
10
Calculate the greatest common divisor of 21 and 231.
21
What is the highest common factor of 19 and 3287?
19
What is the highest common divisor of 70 and 14?
14
Calculate the greatest common factor of 31 and 713.
31
Calculate the greatest common factor of 59500 and 14.
14
What is the greatest common factor of 20 and 68?
4
What is the greatest common factor of 18 and 9?
9
Calculate the greatest common factor of 180 and 4260.
60
What is the highest common factor of 66 and 627?
33
Calculate the greatest common factor of 6759 and 36.
9
Calculate the greatest common factor of 24 and 1092.
12
Calculate the highest common factor of 66 and 429.
33
Calculate the highest common divisor of 3431 and 47.
47
Calculate the greatest common factor of 267 and 445.
89
Calculate the greatest common divisor of 2 and 2.
2
What is the highest common divisor of 70 and 875?
35
Calculate the greatest common divisor of 1908 and 1378.
106
What is the highest common divisor of 19 and 6479?
19
What is the highest common factor of 87 and 261?
87
Calculate the greatest common 